se -5*k = -4*g + 25, 21 + 4 = 5*g. Let n(b) = b - 7. Let f(j) = k*n(j) + 2*a(j). Calculate f(-3).
2
Let q = -13 + 88. Suppose -x = -4*x + q. Let f(y) = -2 - y**3 + x*y**2 - 28*y**2 + 10*y**2. What is f(7)?
-2
Suppose -57*q + 19 = -21*q - 53. Let a(g) = 7*g**2 - g. Determine a(q).
26
Let a(h) = -9*h**3 - 41*h**2 - 25*h - 96. Let n(x) = 5*x**3 + 21*x**2 + 12*x + 57. Let c(p) = 4*a(p) + 7*n(p). Determine c(-16).
15
Let l = -1074 + 1077. Let y(r) = -r**3 + 4*r + 1. Give y(l).
-14
Let r(a) = 51*a**3 - 7*a**2 - 9*a. Let h(v) = -51*v**3 + 6*v**2 + 7*v. Let y(w) = -4*h(w) - 3*r(w). Give y(-1).
-53
Let d(x) = -5*x**3 + 53*x**2 - 5*x - 2. Let i(u) = -9*u**3 + 94*u**2 - 10*u - 4. Let a(t) = 7*d(t) - 4*i(t). Calculate a(3).
-1
Let q(d) = d**3 - d. Suppose 66 = 9*n + 2*n. Let u be (3/n)/((-14)/(-28)). Determine q(u).
0
Suppose -v = v - 20. Let b(r) = -21*r - 19*r - 15 + 62*r - 24*r + 35. Determine b(v).
0
Let j(k) be the third derivative of -k**5/60 - k**4/24 + 131*k**3/6 - 5523*k**2. Give j(0).
131
Let g(k) be the second derivative of -k**5/20 - k**4/6 + 7*k**3/6 + k**2 + 5*k + 3. Give g(-5).
42
Let z(b) be the first derivative of -b**4/4 + 3*b**3 + 4*b**2 + 8*b + 1181. What is z(10)?
-12
Let t(q) = -19*q + 2. Let z = 234 - 265. Let j(h) = h**2 + 34*h + 92. Let y be j(z). Calculate t(y).
21
Let c(u) = -2 - 5 + 3*u + 4 + 5. Let y = -360 - -363. Suppose 0 = 2*m - 3*o + y, m + 5*o - 2 = 10*o. Determine c(m).
-7
Let v(p) = -13*p**2 + 21*p - 24. Let o(d) = -16*d**2 + 24*d - 24. Let z(y) = 4*o(y) - 5*v(y). Determine z(5).
4
Let q be -12 + 636/48 + 3/4. Let a(r) = 12 - 9872*r - 3*r**2 + 9862*r + 8*r**2 - 4*r**q. Let x(y) = -y**2 - 7*y - 1. Let p be x(-5). What is a(p)?
3
Let v(p) = -382*p - 6866. Let o be v(-18). Let y(x) = -5*x + 49. Determine y(o).
-1
Let t(x) be the third derivative of -x**4/24 + 7*x**3/6 + 2*x**2 - 586. Calculate t(11).
-4
Let g(p) be the first derivative of -p**3/3 - 11*p**2/2 - 2*p + 754. Let z = 182 + -189. Calculate g(z).
26
Suppose 88 - 10 = 13*g. Suppose 3*k = 5*z - g + 44, 3*z + 22 = k. Let n(l) = l + 1. What is n(z)?
-6
Let o(a) = 0*a + 1 - 3*a - 4. Suppose 3*m = -3*q - 6, -5*q - 3*m - 17 - 3 = 0. Let l(h) = -2*h**3 - 15*h**2 - 6*h + 2. Let b be l(q). Calculate o(b).
12
Let h(o) = -4*o + 3. Let c = -239 - -153. Let i be (3 - 22/8) + (-2471)/28. Let w = c - i. Give h(w).
-5
Let v(x) = -10*x**2 - 30*x + 35. Let p be -3 - 4/(-8)*2. Let w(g) = -2*g**2 - 6*g + 7. Let d(j) = p*v(j) + 11*w(j). Determine d(-5).
-13
Let x(z) = 174*z - 20. Let a(l) = -33*l + 4. Let q(s) = -21*a(s) - 4*x(s). Let r(g) = g - 2. Let w be r(5). Determine q(w).
-13
Let u(v) = 206*v**2 - 20*v - 172. Let q(b) = -147*b**2 + 13*b + 115. Let s(m) = -7*q(m) - 5*u(m). Calculate s(14).
-15
Suppose -8*l + 1 - 25 = 0. Let u(h) = -3*h + 6*h - 4*h. Give u(l).
3
Let j(p) be the second derivative of -p**5/20 - 2*p**4/3 - 7*p**3/6 - 2*p**2 + p. Let h = -9636 - -9629. Calculate j(h).
-4
Let a be -5*((-5 - -4) + (-64)/80). Let i(s) = -4*s + 14. What is i(a)?
-22
Suppose 4*y + 6 = -2*c, 6 = -2*y - 0*y. Let w(i) = 9*i - 4 + 128*i**2 - 250*i**2 + i**c + 131*i**2 - 4. What is w(-7)?
27
Suppose 0*g + 0*g = -2*g. Suppose 2*n - 5*n - 2*u = -20, -2*n - u + 12 = g. Let x(t) = -t**2 + 3*t - 3. Give x(n).
-7
Let g(s) = -s - 4. Let m(n) be the second derivative of n**3/3 + 7*n**2 - 62*n. Let q be m(-11). Calculate g(q).
4
Let u(i) = -2*i**2 - 54*i + 3. Let n be u(-27). Let g(b) = -8*b**n - 26*b**2 + 33*b**2 - 9 + 7*b**3 + 9*b. Determine g(8).
-1
Let m(g) = 26 - 557*g + 1113*g - 545*g + 39*g**2 - 38*g**2. Give m(-7).
-2
Suppose 0 = 6*j - 3*j - 30. Let r(u) = 2 - 3*u - 3*u - 3*u + j*u. Let p be r(1). Let b(t) = -t**2 + 3. Calculate b(p).
-6
Suppose -4*r - 6 = -2*o, 4*o = 8*o + 2*r + 8. Let c be (-12)/(-8)*(-1)/(-3)*6. Let h(z) = 307*z + 4*z**c + 1 + 2*z**2 - 305*z - z**3. Calculate h(o).
-2
Let k(q) = q**2 + q. Let s(w) = 49*w - 936. Let t be s(19). Give k(t).
20
Let p = -183 + 185. Let b be 5/p + -4 + 15/(-10). Let q(t) = t**2 + 3*t + 3. What is q(b)?
3
Let g be (-16)/(-8) + (-49 - -38). Let d(m) = -m**3 - 7*m**2 + 15*m - 21. Determine d(g).
6
Let i(l) be the first derivative of 7/2*l**2 + 7/3*l**3 - 8 + 1/4*l**4 + 5*l. Suppose -17*r - 84 = 18. What is i(r)?
-1
Let s(p) = -15*p - 324. Let u be s(-23). Let o(q) = 7 + 20*q + 6*q**3 + 20*q**2 + 19 - 7*q**3. Determine o(u).
5
Suppose -69917 = 11*c - 70005. Let d(j) be the third derivative of j**5/60 - 3*j**4/8 - 7*j**3/6 + 4*j**2. What is d(c)?
-15
Let h(i) = 5*i**2 - 17*i. Let c be h(7). Let k(l) = 1 - c*l - 120*l + 242*l - l**2. Calculate k(-7).
-20
Let j(u) = -u - 10. Let t be (-3*3/(-3) - 9)*-1. Let o(l) = -2*l - 18. Let f(b) = t*o(b) - 11*j(b). Calculate f(-3).
5
Let g(s) = 2 + 6*s + 3*s**2 - s - 4*s**2 + 2*s**2. Suppose 5*h - 45*f + 50*f = -40, 7 = h - 4*f. Determine g(h).
2
Let s(x) be the second derivative of 17/2*x**2 + 0 + 1/6*x**3 - 55*x. Calculate s(-11).
6
Let w(q) = 84*q + 1. Suppose -62*f + 64*f + 12 = -4*u, 0 = u + 5*f + 21. What is w(u)?
-83
Let g(f) be the second derivative of 2*f**3/3 - f**2 + 566*f. Let x(h) = -2*h**3 + 2*h**2 - 1. Let o be x(-1). Let w be o/(-1 + -2) - 3. Determine g(w).
-18
Let v be (17/((-153)/(-36)))/(5 + (-6)/2). Let b(z) be the first derivative of 5/2*z**2 + 33 + v*z. Determine b(-2).
-8
Let i(w) = -6*w**3 - 36*w**2 - w - 11. Let l(u) = u**3 + 25*u**2 - 84*u - 6. Let m be l(-28). What is i(m)?
-5
Let v(s) = 425*s**2 + s**3 - 3*s + 433*s**2 - 860*s**2. Let l be (-12 - (-6 + 4)) + -2. Let j be -2 + 2 - l/4. Give v(j).
0
Let o(r) = -7*r + 2829 - 5652 + 2828. Determine o(-1).
12
Let u(h) = -12*h + 79. Let s(w) = -11*w + 73. Let t(b) = 9*s(b) - 8*u(b). Calculate t(4).
13
Suppose -p - 2*j + 28 = -4*p, -j = 3*p + 22. Let u(o) = 51 + 1 - 11 - 9. Let w(m) = m - 49. Let g(l) = -8*u(l) - 5*w(l). Calculate g(p).
29
Suppose -8*c - 1718 + 1726 = 0. Let k(z) = 2*z + 2. Let u(p) = p**2 + 13*p + 16. Let v(a) = c*u(a) - 7*k(a). What is v(3)?
8
Let s(r) = -r**3 + 5*r**2 - 4*r + 2. Let a(i) = 11*i**3 - 2*i**2 - 3*i + 4. Let j be a(1). Let m be 1 - (-108)/30 - (-4)/j. Determine s(m).
-18
Suppose 0 = c - 6*c + 10. Let f(w) = 22*w - 423. Let z be f(19). Let b(q) = -17*q - 3. Let a(u) = 28*u + 5. Let j(v) = z*a(v) - 8*b(v). What is j(c)?
-9
Let p(q) be the second derivative of q**5/20 + q**4/6 + q**3/3 + q**2 + q. Let d = -745 - -530. Let w = 212 + d. What is p(w)?
-13
Let m(b) = 3*b**2 - 36*b + 72. Let r(q) = q**2 - 12*q + 25. Let n(f) = -6*m(f) + 17*r(f). Suppose 2*a + a - 18 = 0. Let x be 3/a + (-46)/(-4). Calculate n(x).
-7
Suppose -16*d = -20*d + 148. Let j(h) = d - h - 37. What is j(-3)?
3
Let a(x) = 8*x + 124. Let f be a(-14). Suppose 0 = -f*p + 15*p + 36. Let s(k) = k**2 + 13*k + 9. Determine s(p).
-3
Let r(c) = -c**2 - 2*c + 2. Let o be r(1). Let b(g) = 18*g - 2. Determine b(o).
-20
Let f(c) be the first derivative of -c**3/3 - 7*c**2/2 + 2*c - 10. Let j be 0/(-3) + 7 + 10 + -6. Suppose -13*l - 89 = -j. What is f(l)?
8
Let n(l) = -5*l**2 + 25*l + 45. Let g(y) = -3*y**2 + 12*y + 24. Let j(r) = -7*g(r) + 4*n(r). Give j(-10).
-48
Let g(c) = -c - 3. Let z be 44/(-4) + 10 + -4. Determine g(z).
2
Let y(a) = -a - 8. Let t(r) = 3*r + 16. Let j(x) = 2*t(x) + 5*y(x). Let m(b) = b**3 - 16*b + 30. Let c be m(2). Give j(c).
-2
Let p be ((-2)/(-4))/((-1)/4). Let c be (-2)/p - 2*2. Let l(i) = -9832*i + 4 - i**3 + 19922*i - 4*i**2 - 10088*i. What is l(c)?
-11
Let q(c) = 4*c - 1. Suppose 18*t - 80 = 14*t. Suppose 67*v + 20 = 62*v - d, -5*v + 5*d - t = 0. Give q(v).
-17
Let c(h) be the third derivative of -h**5/30 - 7*h**4/24 - h**3/3 - 15*h**2 + h. Let z(g) = 3*g + 4. Let q be z(-3). What is c(q)?
-17
Let x(n) = -21*n - 167. Let m be x(-8). Let t(i) = -514*i**2 - i**3 + 3*i - 4 + 512*i**2 + m. Give t(2).
-13
Let q(v) = 45 - 205*v**2 + 38 + 154*v + 201*v**2. Calculate q(39).
5
Let c(g) = -g**2 + 8*g + 6. Suppose 2*k = -2*l - 3*l + 10, -6 = -4*l - 2*k. Let q = 2 - l. Let r be (-1)/q + ((-45)/(-6) - -1). Give c(r).
-3
Let s = -108 - -109. Let c(z) = 2683*z**3 - 7*z**2 - 4 - 2684*z**3 - 13*z + 5*z - s. What is c(-6)?
7
Let f(u) = 4*u**2 - 19*u - 37. Let t be f(6). Let b(d) = 24*d**2 + 768*d - 764*d - 4 - 23*d**2. Determine b(t).
17
Let h = -730 - -743. Suppose 0 = -u + 3*n + 9, h*n - 76 = -4*u + 15*n. Let x(c) = c**3 - 20*c**2 - 21*c - 1